{"id":224,"date":"2023-02-02T15:24:30","date_gmt":"2023-02-02T14:24:30","guid":{"rendered":"https:\/\/forum-medias-mobiles.fr\/?page_id=224"},"modified":"2023-04-11T10:59:29","modified_gmt":"2023-04-11T08:59:29","slug":"structure-du-forum","status":"publish","type":"page","link":"https:\/\/forum-medias-mobiles.fr\/index.php\/structure-du-forum\/","title":{"rendered":"Structure du Forum"},"content":{"rendered":"\n<p><strong>Le Forum M\u00e9dias Mobiles est une association LOI 1901.<\/strong><\/p>\n\n\n\n<p>Ses membres sont r\u00e9partis dans cinq Coll\u00e8ges :<\/p>\n\n\n\n<p><br>Coll\u00e8ge 1 : <strong>Diffuseurs, agr\u00e9gateurs de contenus : cha\u00eenes et bouquets de cha\u00eenes<\/strong><br>Coll\u00e8ge 2 : <strong>Op\u00e9rateurs de t\u00e9l\u00e9communication mobile<\/strong><br>Coll\u00e8ge 3 : <strong>Op\u00e9rateurs de r\u00e9seaux de diffusion (t\u00e9l\u00e9vision, radios mobiles et diffuseurs techniques y compris satellitaire)<\/strong><br>Coll\u00e8ge 4 : <strong>Industriels de la t\u00e9l\u00e9vision et de la radio, t\u00e9l\u00e9communications mobiles, constructeurs de r\u00e9seaux, de terminaux, de logiciels et de composants.<\/strong><br>Coll\u00e8ge 5 : <strong>Cr\u00e9ateurs de contenus, mesures d\u2019audiences.<\/strong><\/p>\n\n\n\n<p>L\u2019Association est actuellement pr\u00e9sid\u00e9e par <strong><a href=\"https:\/\/fr.wikipedia.org\/wiki\/Janine_Langlois-Glandier\" data-type=\"URL\" data-id=\"https:\/\/fr.wikipedia.org\/wiki\/Janine_Langlois-Glandier\" target=\"_blank\" rel=\"noreferrer noopener\">Janine Langlois-Glandier<\/a><\/strong>, sp\u00e9cialiste fran\u00e7aise du monde de l&#8217;audiovisuel et de la communication.<\/p>\n\n\n\n<p>Le bureau est actuellement compos\u00e9 d&#8217;un Secr\u00e9taire G\u00e9n\u00e9ral (<a rel=\"noreferrer noopener\" href=\"https:\/\/www.linkedin.com\/in\/philip-kelley-71124\/?originalSubdomain=fr\" data-type=\"URL\" data-id=\"https:\/\/www.linkedin.com\/in\/philip-kelley-71124\/?originalSubdomain=fr\" target=\"_blank\"><strong>Philip Kelley<\/strong> <\/a>&#8211; ex <strong>Nokia<\/strong>) et d&#8217;un Tr\u00e9sorier (<strong><a rel=\"noreferrer noopener\" href=\"https:\/\/www.linkedin.com\/in\/herv%C3%A9-de-tournadre-3785b717\/?originalSubdomain=fr\" data-type=\"URL\" data-id=\"https:\/\/www.linkedin.com\/in\/herv%C3%A9-de-tournadre-3785b717\/?originalSubdomain=fr\" target=\"_blank\">Herv\u00e9 de Tournadre<\/a> <\/strong>&#8211; <strong>Bouygues T\u00e9l\u00e9com<\/strong>).<\/p>\n","protected":false},"excerpt":{"rendered":"<p>Le Forum M\u00e9dias Mobiles est une association LOI 1901. Ses membres sont r\u00e9partis dans cinq Coll\u00e8ges : Coll\u00e8ge 1 :<\/p>\n","protected":false},"author":3,"featured_media":0,"parent":0,"menu_order":0,"comment_status":"closed","ping_status":"closed","template":"","meta":{"colormag_page_container_layout":"no_sidebar_full_width","colormag_page_sidebar_layout":"no_sidebar","_view_id":"","footnotes":""},"class_list":["post-224","page","type-page","status-publish","hentry"],"_links":{"self":[{"href":"https:\/\/forum-medias-mobiles.fr\/index.php\/wp-json\/wp\/v2\/pages\/224","targetHints":{"allow":["GET"]}}],"collection":[{"href":"https:\/\/forum-medias-mobiles.fr\/index.php\/wp-json\/wp\/v2\/pages"}],"about":[{"href":"https:\/\/forum-medias-mobiles.fr\/index.php\/wp-json\/wp\/v2\/types\/page"}],"author":[{"embeddable":true,"href":"https:\/\/forum-medias-mobiles.fr\/index.php\/wp-json\/wp\/v2\/users\/3"}],"replies":[{"embeddable":true,"href":"https:\/\/forum-medias-mobiles.fr\/index.php\/wp-json\/wp\/v2\/comments?post=224"}],"version-history":[{"count":5,"href":"https:\/\/forum-medias-mobiles.fr\/index.php\/wp-json\/wp\/v2\/pages\/224\/revisions"}],"predecessor-version":[{"id":587,"href":"https:\/\/forum-medias-mobiles.fr\/index.php\/wp-json\/wp\/v2\/pages\/224\/revisions\/587"}],"wp:attachment":[{"href":"https:\/\/forum-medias-mobiles.fr\/index.php\/wp-json\/wp\/v2\/media?parent=224"}],"curies":[{"name":"wp","href":"https:\/\/api.w.org\/{rel}","templated":true}]}}

<p><strong>Le Forum Médias Mobiles est une association LOI 1901.</strong></p>



<p>Ses membres sont répartis dans cinq Collèges :</p>



<p><br>Collège 1 : <strong>Diffuseurs, agrégateurs de contenus : chaînes et bouquets de chaînes</strong><br>Collège 2 : <strong>Opérateurs de télécommunication mobile</strong><br>Collège 3 : <strong>Opérateurs de réseaux de diffusion (télévision, radios mobiles et diffuseurs techniques y compris satellitaire)</strong><br>Collège 4 : <strong>Industriels de la télévision et de la radio, télécommunications mobiles, constructeurs de réseaux, de terminaux, de logiciels et de composants.</strong><br>Collège 5 : <strong>Créateurs de contenus, mesures d’audiences.</strong></p>



<p>L’Association est actuellement présidée par <strong><a href="https://fr.wikipedia.org/wiki/Janine_Langlois-Glandier" data-type="URL" data-id="https://fr.wikipedia.org/wiki/Janine_Langlois-Glandier" target="_blank" rel="noreferrer noopener">Janine Langlois-Glandier</a></strong>, spécialiste française du monde de l&#8217;audiovisuel et de la communication.</p>



<p>Le bureau est actuellement composé d&#8217;un Secrétaire Général (<a rel="noreferrer noopener" href="https://www.linkedin.com/in/philip-kelley-71124/?originalSubdomain=fr" data-type="URL" data-id="https://www.linkedin.com/in/philip-kelley-71124/?originalSubdomain=fr" target="_blank"><strong>Philip Kelley</strong> </a>&#8211; ex <strong>Nokia</strong>) et d&#8217;un Trésorier (<strong><a rel="noreferrer noopener" href="https://www.linkedin.com/in/herv%C3%A9-de-tournadre-3785b717/?originalSubdomain=fr" data-type="URL" data-id="https://www.linkedin.com/in/herv%C3%A9-de-tournadre-3785b717/?originalSubdomain=fr" target="_blank">Hervé de Tournadre</a> </strong>&#8211; <strong>Bouygues Télécom</strong>).</p>

<p>Le Forum Médias Mobiles est une association LOI 1901. Ses membres sont répartis dans cinq Collèges : Collège 1 :</p>
