{"id":225,"date":"2023-02-02T15:24:30","date_gmt":"2023-02-02T14:24:30","guid":{"rendered":"https:\/\/forum-medias-mobiles.fr\/?page_id=225"},"modified":"2023-04-11T10:55:31","modified_gmt":"2023-04-11T08:55:31","slug":"liste-des-conferences","status":"publish","type":"page","link":"https:\/\/forum-medias-mobiles.fr\/index.php\/liste-des-conferences\/","title":{"rendered":"Liste des conf\u00e9rences"},"content":{"rendered":"\n<p>Le <strong>Forum M\u00e9dias Mobiles<\/strong> organise tout au long de l\u2019ann\u00e9e, <strong>pour ses membres et partenaires, <\/strong>des conf\u00e9rences pour pr\u00e9senter et partager des sujets d\u2019actualit\u00e9 ou de prospective<em>.<\/em><\/p>\n\n\n\n<p>Chaque conf\u00e9rence est pr\u00e9sent\u00e9e et anim\u00e9e par un intervenant de haut niveau, sp\u00e9cialiste du sujet<em>.<\/em><\/p>\n\n\n\n<p><\/p>\n\n\n\n<p class=\"has-vivid-cyan-blue-color has-text-color has-medium-font-size\"><strong>Conf\u00e9rences 2023<\/strong><\/p>\n\n\n\n<figure class=\"wp-block-table\" style=\"font-size:18px\"><table class=\"has-cyan-bluish-gray-background-color has-background\"><tbody><tr><td><strong>27 avril 2023<\/strong><\/td><td><strong><em>\u00ab Le sonore, un vecteur sous-estim\u00e9 de d\u00e9veloppement \u00e9conomique, sanitaire et social \u00bb<\/em><\/strong><br><strong>Christian Hugonnet<\/strong>, Pr\u00e9sident fondateur, <strong>La Semaine du Son<\/strong><\/td><\/tr><tr><td><strong>4 avril 2023<\/strong><\/td><td><strong><em>\u00ab\u00a0Le Nouveau monde des m\u00e9dias. Urgence d\u00e9mocratique\u00a0\u00bb<\/em><\/strong><br><strong>Nathalie Sonnac<\/strong>, Professeure en sciences de l\u2019information et de la communication<strong>, Universit\u00e9 Panth\u00e9on-Assas &#8211; Paris 2\u00a0<\/strong><\/td><\/tr><tr><td><strong>21 mars 2023<\/strong><\/td><td><strong><em>\u00ab La r\u00e9gulation des r\u00e9seaux sociaux, un exercice collectif \u00bb<\/em><\/strong><br><strong>Jean Cattan<\/strong>, Secr\u00e9taire g\u00e9n\u00e9ral, <strong>Conseil national du num\u00e9rique<\/strong><\/td><\/tr><tr><td><strong>9 mars 2023<\/strong><\/td><td><strong><em>\u00ab Les constellations sont-elles l&#8217;avenir des t\u00e9l\u00e9communications par satellite ? \u00bb<\/em><\/strong><br><strong>David Bertolotti<\/strong>, Secr\u00e9taire g\u00e9n\u00e9ral, <strong>Eutelsat<\/strong><\/td><\/tr><tr><td><strong>23 f\u00e9vrier 2023<\/strong>     <\/td><td><strong><em>\u00ab L\u2019Ann\u00e9e TV et Internet 2022 \u00bb<\/em><\/strong><br><strong>Julien Rosanvallon, <\/strong>Directeur g\u00e9n\u00e9ral adjoint en charge des mesures d\u2019audience, <strong>M\u00e9diam\u00e9trie<\/strong><\/td><\/tr><tr><td><strong>10 janvier 2023<\/strong><\/td><td><em>\u00ab\u00a0<strong>IA et M\u00e9dias, en qu\u00eate de confiance et de cr\u00e9ativit\u00e9\u00a0\u00bb<\/strong><\/em><br><strong>Kati Bremme, <\/strong>Directrice Innovation et R\u00e9dactrice en Chef M\u00e9ta-Media,<strong> France T\u00e9l\u00e9visions<\/strong><\/td><\/tr><\/tbody><\/table><\/figure>\n\n\n\n<p><\/p>\n\n\n\n<p class=\"has-vivid-cyan-blue-color has-text-color has-medium-font-size\"><strong>Conf\u00e9rences 2022<\/strong><\/p>\n\n\n\n<figure class=\"wp-block-table is-style-regular\"><table class=\"has-cyan-bluish-gray-background-color has-background\"><tbody><tr><td><strong>22 novembre 2022<\/strong><\/td><td><strong><em>\u00ab Antipiratage, industrialiser les moyens de lutte contre les plateformes pirates \u00bb<\/em><\/strong><br><strong>Pascal Metral &#8211; <\/strong>SVP Legal &amp; Anti-Piracy services<strong> Nagra France<\/strong><\/td><\/tr><tr><td><strong>8 novembre 2022<\/strong><\/td><td><strong><em>\u00ab\u00a0Technologies immersives, M\u00e9tavers, consommateurs ou producteurs, clients ou conqu\u00e9rants, libre ou d\u00e9pendant, il nous faut choisir maintenant \u00bb<\/em><\/strong><br><strong>Nicolas Dupain &#8211; <\/strong>Pr\u00e9sident de<strong> France Immersive Learning<\/strong><\/td><\/tr><tr><td><strong>15 septembre 2022<\/strong><\/td><td><strong><em>\u00ab The LoCaT Project : \u00e9valuation de l\u2019impact \u00e9nerg\u00e9tique et environnemental de la distribution de la t\u00e9l\u00e9vision en Europe \u00bb<\/em><\/strong><br><strong>Vincent Grivet<\/strong> &#8211; Initiateur et Coordinateur du <strong>LoCat Project<\/strong><\/td><\/tr><tr><td><strong>6 Juillet 2022<\/strong><\/td><td><strong><em>\u00ab Spectre TNT, l\u2019avenir se joue maintenant en Europe \u00bb<\/em><\/strong><br><strong>Philippe Debreux <\/strong>&#8211; Architecte Syst\u00e8me \u2013 Expert Fr\u00e9quences &#8211; <strong>TDF<\/strong><\/td><\/tr><tr><td><strong>10 Juin 2022<\/strong><\/td><td><strong><em>\u00ab M\u00e9tavers, Web 3 et NFT &#8211; opportunit\u00e9s et risques au-del\u00e0 du buzz \u00bb<\/em><\/strong><br><strong>Alexandre Michelin<\/strong> &#8211; Fondateur du<strong> KIF (Knowledge IMMERSIVE Forum)<\/strong><\/td><\/tr><tr><td><strong>21 avril 2022<\/strong><\/td><td><strong><em>\u00ab\u00a0La r\u00e9gulation du march\u00e9 par le DMA : un texte novateur avec des faiblesses\u00a0\u00bb<\/em><\/strong><br><strong>Colette Bouckaert<\/strong> &#8211; Secr\u00e9taire g\u00e9n\u00e9rale, Responsable des Affaires europ\u00e9ennes et juridiques &#8211; <strong>Institut des Droits Fondamentaux du Num\u00e9rique (iDFrights)<\/strong><\/td><\/tr><tr><td><strong>24 mars 2022<\/strong><\/td><td><strong><em>\u00ab Cybers\u00e9curit\u00e9 et 5G : mythes et r\u00e9alit\u00e9 \u00bb<\/em><\/strong><br><strong>Fran\u00e7ois Cosquer<\/strong> &#8211; Directeur Technique Managed Security Services de <strong>Nokia France<\/strong><\/td><\/tr><tr><td><strong>15 mars 2022<\/strong><\/td><td><strong><em>\u00ab D\u00e9r\u00e8glement m\u00e9diatique. D\u00e9fis \u00e9conomiques. Enjeux de r\u00e9gulation \u00bb<\/em><\/strong><br><strong>Nathalie Sonnac<\/strong> &#8211; Professeure en sciences de l\u2019information et de la communication &#8211; <strong>Universit\u00e9 Panth\u00e9on-Assas &#8211; Paris<\/strong><\/td><\/tr><tr><td><strong>22 f\u00e9vrier 2022<\/strong><\/td><td><strong><em>\u00ab L\u2019ann\u00e9e TV et Internet 2021 \u00bb<\/em><\/strong><br><strong>Julien Rosanvallon<\/strong> &#8211; Directeur g\u00e9n\u00e9ral adjoint en charge des mesures d\u2019audience de <strong>M\u00e9diam\u00e9trie<\/strong><\/td><\/tr><tr><td><strong>11 janvier 2022<\/strong><\/td><td><em><strong>\u00ab Informatique quantique, de la technologie aux usages \u00bb<\/strong><\/em><br><strong>Olivier Ezratty<\/strong> &#8211; Consultant, Auteur du Blog \u00ab Opinions Libres \u00bb<\/td><\/tr><\/tbody><\/table><\/figure>\n\n\n\n<p class=\"has-vivid-cyan-blue-color has-text-color has-medium-font-size\"><strong>Conf\u00e9rences 2021<\/strong><\/p>\n\n\n\n<figure class=\"wp-block-table is-style-regular\"><table class=\"has-cyan-bluish-gray-background-color has-background\"><tbody><tr><td class=\"has-text-align-left\" data-align=\"left\"><strong>23 novembre 2021<\/strong><\/td><td><strong><em>\u00ab Case study: The accessible TV guide by Freeview Play on channel 555<\/em> \u00bb<\/strong><br><strong>Olivia May<\/strong>, Head of Product Development &#8211; <strong>Digital UK<\/strong><\/td><\/tr><tr><td class=\"has-text-align-left\" data-align=\"left\"><strong>9 novembre 2021<\/strong><\/td><td><strong><em>\u00ab De la 5G \u00e0 la Conf\u00e9rence Mon<\/em>diale des Radiocommunications : actualit\u00e9s de l\u2019ANFR \u00bb<\/strong><br><strong>Gilles Br\u00e9gant<\/strong>, Directeur g\u00e9n\u00e9ral de l\u2019<strong>ANFR<\/strong><\/td><\/tr><tr><td class=\"has-text-align-left\" data-align=\"left\"><strong>27 septembre 2021<\/strong><\/td><td><strong><em>\u00ab Fin ou renouveau : comment penser la convergence entre audiovisuel et num\u00e9rique ? \u00bb<\/em><\/strong><br><strong>Pierre-Jean Benghozi<\/strong>, Directeur de recherche au <strong>CNRS<\/strong><\/td><\/tr><tr><td class=\"has-text-align-left\" data-align=\"left\"><strong>27 mai 2021<\/strong><\/td><td><strong><em>\u00ab Broadcast Distribution Strategies and Plans in Key European Markets \u00bb<\/em><\/strong><br><strong>Graham Mills<\/strong>, consultant ind\u00e9pendant de l&#8217;<strong>OFCOM<\/strong><\/td><\/tr><tr><td class=\"has-text-align-left\" data-align=\"left\"><strong>18 mai 2021<\/strong><\/td><td><strong><em>\u00ab L\u2019infrastructure 5G, critique pour la croissance europ\u00e9enne \u00bb<\/em><\/strong><br><strong>Viktor Arvidsson<\/strong>, Directeur de la Strat\u00e9gie d\u2019<strong>ERICSSON France<\/strong><\/td><\/tr><tr><td class=\"has-text-align-left\" data-align=\"left\"><strong>13 avril 2021<\/strong><\/td><td><strong><em>\u00ab Futur de la distribution audiovisuelle entre terrestre et satellitaire \u00bb<\/em><\/strong><br><strong>Antonio Arcidiacono<\/strong>, Directeur du D\u00e9partement Technologie &amp; Innovation de l&#8217;<strong>UER<\/strong><\/td><\/tr><tr><td class=\"has-text-align-left\" data-align=\"left\"><strong>23 mars 2021<\/strong><\/td><td><strong>\u00ab Barom\u00e8tre des effets de la crise sanitaire sur le secteur audiovisuel \u00bb<\/strong><br><strong>Herv\u00e9 Godechot<\/strong>, Membre du <strong>CSA<\/strong> <strong>(ARCOM)<\/strong><\/td><\/tr><tr><td class=\"has-text-align-left\" data-align=\"left\"><strong>9 mars 2021<\/strong><\/td><td><strong><em>\u00ab Le Digital Market Act: enjeux juridiques, politiques et strat\u00e9giques \u00bb<\/em><\/strong><br><strong>Nicolas Petit<\/strong>, Professeur \u00e0 l&#8217;<strong>Institut Universitaire Europ\u00e9en <\/strong>(Florence) et au <strong>Coll\u00e8ge d&#8217;Europe<\/strong> (Bruges)<\/td><\/tr><tr><td class=\"has-text-align-left\" data-align=\"left\"><strong>11 f\u00e9vrier 2021<\/strong><\/td><td><strong><em>\u00ab CES 2021 : le changement dans la continuit\u00e9 !? \u00bb<\/em><\/strong><br><strong>Olivier Ezratty<\/strong>, Consultant et auteur, auteur du site \u00ab Opinions Libres \u00bb<\/td><\/tr><tr><td class=\"has-text-align-left\" data-align=\"left\"><strong>28 janvier 2021<\/strong><\/td><td><strong><em>\u00ab Le d\u00e9fi de la r\u00e9silience des villes et des territoires, les r\u00e9ponses d\u2019ENGIE \u00bb<\/em><\/strong><br>Sylvain Chapon, D\u00e9l\u00e9gu\u00e9 Marketing Strat\u00e9gique chez <strong>ENGIE<\/strong><\/td><\/tr><tr><td class=\"has-text-align-left\" data-align=\"left\"><strong>12 janvier 2021<\/strong>     <\/td><td><strong><em>\u00ab Panorama des outils de cybers\u00e9curit\u00e9 \u00bb<\/em><\/strong><br><strong>G\u00e9rard Peliks<\/strong>, Expert S\u00e9curit\u00e9 de l\u2019information<\/td><\/tr><\/tbody><\/table><\/figure>\n","protected":false},"excerpt":{"rendered":"<p>Le Forum M\u00e9dias Mobiles organise tout au long de l\u2019ann\u00e9e, pour ses membres et partenaires, des conf\u00e9rences pour pr\u00e9senter et<\/p>\n","protected":false},"author":3,"featured_media":0,"parent":0,"menu_order":0,"comment_status":"closed","ping_status":"closed","template":"","meta":{"colormag_page_container_layout":"no_sidebar_full_width","colormag_page_sidebar_layout":"no_sidebar","_view_id":"","footnotes":""},"class_list":["post-225","page","type-page","status-publish","hentry"],"_links":{"self":[{"href":"https:\/\/forum-medias-mobiles.fr\/index.php\/wp-json\/wp\/v2\/pages\/225","targetHints":{"allow":["GET"]}}],"collection":[{"href":"https:\/\/forum-medias-mobiles.fr\/index.php\/wp-json\/wp\/v2\/pages"}],"about":[{"href":"https:\/\/forum-medias-mobiles.fr\/index.php\/wp-json\/wp\/v2\/types\/page"}],"author":[{"embeddable":true,"href":"https:\/\/forum-medias-mobiles.fr\/index.php\/wp-json\/wp\/v2\/users\/3"}],"replies":[{"embeddable":true,"href":"https:\/\/forum-medias-mobiles.fr\/index.php\/wp-json\/wp\/v2\/comments?post=225"}],"version-history":[{"count":21,"href":"https:\/\/forum-medias-mobiles.fr\/index.php\/wp-json\/wp\/v2\/pages\/225\/revisions"}],"predecessor-version":[{"id":586,"href":"https:\/\/forum-medias-mobiles.fr\/index.php\/wp-json\/wp\/v2\/pages\/225\/revisions\/586"}],"wp:attachment":[{"href":"https:\/\/forum-medias-mobiles.fr\/index.php\/wp-json\/wp\/v2\/media?parent=225"}],"curies":[{"name":"wp","href":"https:\/\/api.w.org\/{rel}","templated":true}]}}

Liste des conférences

<p>Le <strong>Forum Médias Mobiles</strong> organise tout au long de l’année, <strong>pour ses membres et partenaires, </strong>des conférences pour présenter et partager des sujets d’actualité ou de prospective<em>.</em></p>



<p>Chaque conférence est présentée et animée par un intervenant de haut niveau, spécialiste du sujet<em>.</em></p>



<p></p>



<p class="has-vivid-cyan-blue-color has-text-color has-medium-font-size"><strong>Conférences 2023</strong></p>



<figure class="wp-block-table" style="font-size:18px"><table class="has-cyan-bluish-gray-background-color has-background"><tbody><tr><td><strong>27 avril 2023</strong></td><td><strong><em>« Le sonore, un vecteur sous-estimé de développement économique, sanitaire et social »</em></strong><br><strong>Christian Hugonnet</strong>, Président fondateur, <strong>La Semaine du Son</strong></td></tr><tr><td><strong>4 avril 2023</strong></td><td><strong><em>« Le Nouveau monde des médias. Urgence démocratique »</em></strong><br><strong>Nathalie Sonnac</strong>, Professeure en sciences de l’information et de la communication<strong>, Université Panthéon-Assas &#8211; Paris 2 </strong></td></tr><tr><td><strong>21 mars 2023</strong></td><td><strong><em>« La régulation des réseaux sociaux, un exercice collectif »</em></strong><br><strong>Jean Cattan</strong>, Secrétaire général, <strong>Conseil national du numérique</strong></td></tr><tr><td><strong>9 mars 2023</strong></td><td><strong><em>« Les constellations sont-elles l&#8217;avenir des télécommunications par satellite ? »</em></strong><br><strong>David Bertolotti</strong>, Secrétaire général, <strong>Eutelsat</strong></td></tr><tr><td><strong>23 février 2023</strong>     </td><td><strong><em>« L’Année TV et Internet 2022 »</em></strong><br><strong>Julien Rosanvallon, </strong>Directeur général adjoint en charge des mesures d’audience, <strong>Médiamétrie</strong></td></tr><tr><td><strong>10 janvier 2023</strong></td><td><em>« <strong>IA et Médias, en quête de confiance et de créativité »</strong></em><br><strong>Kati Bremme, </strong>Directrice Innovation et Rédactrice en Chef Méta-Media,<strong> France Télévisions</strong></td></tr></tbody></table></figure>



<p></p>



<p class="has-vivid-cyan-blue-color has-text-color has-medium-font-size"><strong>Conférences 2022</strong></p>



<figure class="wp-block-table is-style-regular"><table class="has-cyan-bluish-gray-background-color has-background"><tbody><tr><td><strong>22 novembre 2022</strong></td><td><strong><em>« Antipiratage, industrialiser les moyens de lutte contre les plateformes pirates »</em></strong><br><strong>Pascal Metral &#8211; </strong>SVP Legal &amp; Anti-Piracy services<strong> Nagra France</strong></td></tr><tr><td><strong>8 novembre 2022</strong></td><td><strong><em>« Technologies immersives, Métavers, consommateurs ou producteurs, clients ou conquérants, libre ou dépendant, il nous faut choisir maintenant »</em></strong><br><strong>Nicolas Dupain &#8211; </strong>Président de<strong> France Immersive Learning</strong></td></tr><tr><td><strong>15 septembre 2022</strong></td><td><strong><em>« The LoCaT Project : évaluation de l’impact énergétique et environnemental de la distribution de la télévision en Europe »</em></strong><br><strong>Vincent Grivet</strong> &#8211; Initiateur et Coordinateur du <strong>LoCat Project</strong></td></tr><tr><td><strong>6 Juillet 2022</strong></td><td><strong><em>« Spectre TNT, l’avenir se joue maintenant en Europe »</em></strong><br><strong>Philippe Debreux </strong>&#8211; Architecte Système – Expert Fréquences &#8211; <strong>TDF</strong></td></tr><tr><td><strong>10 Juin 2022</strong></td><td><strong><em>« Métavers, Web 3 et NFT &#8211; opportunités et risques au-delà du buzz »</em></strong><br><strong>Alexandre Michelin</strong> &#8211; Fondateur du<strong> KIF (Knowledge IMMERSIVE Forum)</strong></td></tr><tr><td><strong>21 avril 2022</strong></td><td><strong><em>« La régulation du marché par le DMA : un texte novateur avec des faiblesses »</em></strong><br><strong>Colette Bouckaert</strong> &#8211; Secrétaire générale, Responsable des Affaires européennes et juridiques &#8211; <strong>Institut des Droits Fondamentaux du Numérique (iDFrights)</strong></td></tr><tr><td><strong>24 mars 2022</strong></td><td><strong><em>« Cybersécurité et 5G : mythes et réalité »</em></strong><br><strong>François Cosquer</strong> &#8211; Directeur Technique Managed Security Services de <strong>Nokia France</strong></td></tr><tr><td><strong>15 mars 2022</strong></td><td><strong><em>« Dérèglement médiatique. Défis économiques. Enjeux de régulation »</em></strong><br><strong>Nathalie Sonnac</strong> &#8211; Professeure en sciences de l’information et de la communication &#8211; <strong>Université Panthéon-Assas &#8211; Paris</strong></td></tr><tr><td><strong>22 février 2022</strong></td><td><strong><em>« L’année TV et Internet 2021 »</em></strong><br><strong>Julien Rosanvallon</strong> &#8211; Directeur général adjoint en charge des mesures d’audience de <strong>Médiamétrie</strong></td></tr><tr><td><strong>11 janvier 2022</strong></td><td><em><strong>« Informatique quantique, de la technologie aux usages »</strong></em><br><strong>Olivier Ezratty</strong> &#8211; Consultant, Auteur du Blog « Opinions Libres »</td></tr></tbody></table></figure>



<p class="has-vivid-cyan-blue-color has-text-color has-medium-font-size"><strong>Conférences 2021</strong></p>



<figure class="wp-block-table is-style-regular"><table class="has-cyan-bluish-gray-background-color has-background"><tbody><tr><td class="has-text-align-left" data-align="left"><strong>23 novembre 2021</strong></td><td><strong><em>« Case study: The accessible TV guide by Freeview Play on channel 555</em> »</strong><br><strong>Olivia May</strong>, Head of Product Development &#8211; <strong>Digital UK</strong></td></tr><tr><td class="has-text-align-left" data-align="left"><strong>9 novembre 2021</strong></td><td><strong><em>« De la 5G à la Conférence Mon</em>diale des Radiocommunications : actualités de l’ANFR »</strong><br><strong>Gilles Brégant</strong>, Directeur général de l’<strong>ANFR</strong></td></tr><tr><td class="has-text-align-left" data-align="left"><strong>27 septembre 2021</strong></td><td><strong><em>« Fin ou renouveau : comment penser la convergence entre audiovisuel et numérique ? »</em></strong><br><strong>Pierre-Jean Benghozi</strong>, Directeur de recherche au <strong>CNRS</strong></td></tr><tr><td class="has-text-align-left" data-align="left"><strong>27 mai 2021</strong></td><td><strong><em>« Broadcast Distribution Strategies and Plans in Key European Markets »</em></strong><br><strong>Graham Mills</strong>, consultant indépendant de l&#8217;<strong>OFCOM</strong></td></tr><tr><td class="has-text-align-left" data-align="left"><strong>18 mai 2021</strong></td><td><strong><em>« L’infrastructure 5G, critique pour la croissance européenne »</em></strong><br><strong>Viktor Arvidsson</strong>, Directeur de la Stratégie d’<strong>ERICSSON France</strong></td></tr><tr><td class="has-text-align-left" data-align="left"><strong>13 avril 2021</strong></td><td><strong><em>« Futur de la distribution audiovisuelle entre terrestre et satellitaire »</em></strong><br><strong>Antonio Arcidiacono</strong>, Directeur du Département Technologie &amp; Innovation de l&#8217;<strong>UER</strong></td></tr><tr><td class="has-text-align-left" data-align="left"><strong>23 mars 2021</strong></td><td><strong>« Baromètre des effets de la crise sanitaire sur le secteur audiovisuel »</strong><br><strong>Hervé Godechot</strong>, Membre du <strong>CSA</strong> <strong>(ARCOM)</strong></td></tr><tr><td class="has-text-align-left" data-align="left"><strong>9 mars 2021</strong></td><td><strong><em>« Le Digital Market Act: enjeux juridiques, politiques et stratégiques »</em></strong><br><strong>Nicolas Petit</strong>, Professeur à l&#8217;<strong>Institut Universitaire Européen </strong>(Florence) et au <strong>Collège d&#8217;Europe</strong> (Bruges)</td></tr><tr><td class="has-text-align-left" data-align="left"><strong>11 février 2021</strong></td><td><strong><em>« CES 2021 : le changement dans la continuité !? »</em></strong><br><strong>Olivier Ezratty</strong>, Consultant et auteur, auteur du site « Opinions Libres »</td></tr><tr><td class="has-text-align-left" data-align="left"><strong>28 janvier 2021</strong></td><td><strong><em>« Le défi de la résilience des villes et des territoires, les réponses d’ENGIE »</em></strong><br>Sylvain Chapon, Délégué Marketing Stratégique chez <strong>ENGIE</strong></td></tr><tr><td class="has-text-align-left" data-align="left"><strong>12 janvier 2021</strong>     </td><td><strong><em>« Panorama des outils de cybersécurité »</em></strong><br><strong>Gérard Peliks</strong>, Expert Sécurité de l’information</td></tr></tbody></table></figure>

<p>Le Forum Médias Mobiles organise tout au long de l’année, pour ses membres et partenaires, des conférences pour présenter et</p>
