{"id":288,"date":"2023-02-03T15:51:23","date_gmt":"2023-02-03T14:51:23","guid":{"rendered":"https:\/\/forum-medias-mobiles.fr\/?page_id=288"},"modified":"2023-03-09T16:11:04","modified_gmt":"2023-03-09T15:11:04","slug":"mentions-legales","status":"publish","type":"page","link":"https:\/\/forum-medias-mobiles.fr\/index.php\/mentions-legales\/","title":{"rendered":"Mentions l\u00e9gales"},"content":{"rendered":"\n<div class=\"wp-block-group is-layout-constrained wp-block-group-is-layout-constrained\">\n<p>Conform\u00e9ment aux dispositions de l\u2019article 6 III-1 de la loi n\u00b02004-575 du 21 juin 2004 pour la confiance dans l\u2019\u00e9conomie num\u00e9rique, nous vous informons que le pr\u00e9sents sites www.forum-m\u00e9dias-mobiles.fr est la propri\u00e9t\u00e9 de l&#8217;association Loi 1901 Forum M\u00e9dias Mobiles domicili\u00e9 17 rue de l\u2019Amiral Hamelin, 75016 Paris.<\/p>\n\n\n\n<p><strong>Directeur de la publication :<\/strong> Janine Langlois-Glandier<br><strong>Responsable de la r\u00e9daction :<\/strong> Janine Langlois-Glandier<br><strong>Stockage des informations :<\/strong> Le stockage des signaux et informations est op\u00e9r\u00e9 par OVH. <\/p>\n\n\n\n<p>Dans le cadre de votre navigation sur le site www.forum-medias-mobiles.fr, des mesures d\u2019audiences sont effectu\u00e9es et des cookies de sessions sont utilis\u00e9s (personnalisation de l\u2019interface), ces deux collectes r\u00e9pondent aux fins des int\u00e9r\u00eats l\u00e9gitimes poursuivis par le Forum Medias Mobiles. Pour plus d&#8217;informations sur l\u2019utilisation des cookies voir Politiques Des Cookies.<\/p>\n\n\n\n<p>Conform\u00e9ment aux dispositions de la loi n\u00b0 78-17 du 6 janvier 1978 relative \u00e0 l\u2019informatique, aux fichiers et aux libert\u00e9s , aucune information personnelle n\u2019est collect\u00e9e \u00e0 votre insu ou c\u00e9d\u00e9e \u00e0 des tiers.<\/p>\n\n\n\n<p>Vous disposez d\u2019un droit d\u2019acc\u00e8s, de rectification et d\u2019opposition aux donn\u00e9es vous concernant que vous pouvez exercer en contactant ou en r\u00e9digeant un courrier \u00e0 : <\/p>\n\n\n\n<p>Forum Medias Mobiles<br>17 rue de l\u2019Amiral Hamelin &#8211; 75016 Paris &#8211; France<br>E-mail&nbsp;: contact@forum-medias-mobiles.fr<\/p>\n\n\n\n<p>Si vos \u00e9changes au sujet de vos donn\u00e9es personnelles avec le Forum M\u00e9dias Mobiles ne vous paraissent pas satisfaisants, vous avez la possibilit\u00e9 de vous adresser \u00e0 la Commission Nationale de l\u2019Informatique et des Libert\u00e9s (CNIL), autorit\u00e9 de contr\u00f4le en charge du respect des obligations en mati\u00e8re de donn\u00e9es \u00e0 caract\u00e8re personnel en France.<\/p>\n\n\n\n<p class=\"has-black-color has-text-color has-medium-font-size\"><strong>MARQUE : <\/strong><\/p>\n\n\n\n<p>Forum Medias Mobiles est une marque enregistr\u00e9e appartenant \u00e0 Forum M\u00e9dias Mobiles.<br>Forum-medias-mobiles.com et  Forum-medias-mobiles.fr sont des noms de domaine r\u00e9serv\u00e9s propri\u00e9t\u00e9 du Forum Medias Mobiles.<\/p>\n\n\n\n<p class=\"has-black-color has-text-color has-medium-font-size\"><strong>DOCUMENTS : <\/strong><\/p>\n\n\n\n<p>Toute utilisation de documents issus de ce Site web doit en mentionner la source.<\/p>\n\n\n\n<p class=\"has-black-color has-text-color has-medium-font-size\"><strong>LIENS<\/strong> : <\/p>\n\n\n\n<p>Tout lien avec ce Site doit faire l\u2019objet d\u2019un contrat pr\u00e9alable.<\/p>\n\n\n\n<p class=\"has-black-color has-text-color has-medium-font-size\"><strong>CONTENU :<\/strong><\/p>\n\n\n\n<p>Le Forum Medias Mobiles  ne conf\u00e8re aux utilisateurs internautes aucune garantie explicite ou implicite, en ce qui concerne l\u2019exactitude, l\u2019exhaustivit\u00e9 ou la mise \u00e0 jour des informations contenues dans le pr\u00e9sent Site, ou accessibles depuis ce Site.<\/p>\n\n\n\n<p>En cons\u00e9quence, il appartient aux utilisateurs de v\u00e9rifier leurs informations en les recoupant avec toute autre source disponible.<br>Le Forum Medias Mobiles ne garantit en aucun cas l\u2019ad\u00e9quation des informations avec les besoins de l\u2019internaute, par cons\u00e9quent Le Forum Medias Mobiles  ne saurait supporter aucune demande de d\u00e9dommagement pour pr\u00e9judice direct ou indirect subi par l\u2019internaute \u00e0 la suite de la consultation et l\u2019utilisation des informations obtenues au moyen du site du Forum Medias Mobiles.<\/p>\n\n\n\n<p class=\"has-black-color has-text-color has-medium-font-size\"><strong>PHOTOS, ILLUSTRATIONS,VID\u00c9O<\/strong> :<\/p>\n\n\n\n<p>Les photos, illustrations, vid\u00e9os peuvent \u00eatre consult\u00e9es gratuitement et librement.<br>Toute reproduction, mise \u00e0 disposition, commercialisation, sous quelque forme que ce soit, de plans ou de s\u00e9quences est totalement interdite.<\/p>\n\n\n\n<p class=\"has-medium-font-size\"><strong>CR\u00c9DITS :<\/strong><\/p>\n\n\n\n<p>Cr\u00e9dits photographiques : XXXXX <\/p>\n<\/div>\n","protected":false},"excerpt":{"rendered":"<p>Conform\u00e9ment aux dispositions de l\u2019article 6 III-1 de la loi n\u00b02004-575 du 21 juin 2004 pour la confiance dans l\u2019\u00e9conomie<\/p>\n","protected":false},"author":3,"featured_media":0,"parent":0,"menu_order":0,"comment_status":"closed","ping_status":"closed","template":"","meta":{"colormag_page_container_layout":"default_layout","colormag_page_sidebar_layout":"default_layout","_view_id":"","footnotes":""},"class_list":["post-288","page","type-page","status-publish","hentry"],"_links":{"self":[{"href":"https:\/\/forum-medias-mobiles.fr\/index.php\/wp-json\/wp\/v2\/pages\/288","targetHints":{"allow":["GET"]}}],"collection":[{"href":"https:\/\/forum-medias-mobiles.fr\/index.php\/wp-json\/wp\/v2\/pages"}],"about":[{"href":"https:\/\/forum-medias-mobiles.fr\/index.php\/wp-json\/wp\/v2\/types\/page"}],"author":[{"embeddable":true,"href":"https:\/\/forum-medias-mobiles.fr\/index.php\/wp-json\/wp\/v2\/users\/3"}],"replies":[{"embeddable":true,"href":"https:\/\/forum-medias-mobiles.fr\/index.php\/wp-json\/wp\/v2\/comments?post=288"}],"version-history":[{"count":5,"href":"https:\/\/forum-medias-mobiles.fr\/index.php\/wp-json\/wp\/v2\/pages\/288\/revisions"}],"predecessor-version":[{"id":547,"href":"https:\/\/forum-medias-mobiles.fr\/index.php\/wp-json\/wp\/v2\/pages\/288\/revisions\/547"}],"wp:attachment":[{"href":"https:\/\/forum-medias-mobiles.fr\/index.php\/wp-json\/wp\/v2\/media?parent=288"}],"curies":[{"name":"wp","href":"https:\/\/api.w.org\/{rel}","templated":true}]}}